 n(z). Let a = 7 + 5. What is the highest common factor of r and a?
12
Let s be 15/35 - (-375)/7. Suppose 6 = 4*p + 110. Let n = 10 - p. What is the highest common divisor of n and s?
18
Let n(m) = -m**2 - 12*m + 13. Let w be n(-12). Let s be 3*(-104)/6*-2. What is the highest common factor of s and w?
13
Let g be ((-9)/6)/(2/(-8)). Let f = g - 10. Let z be (-1)/(((-1)/f)/(-1)). Calculate the highest common divisor of 8 and z.
4
Let v(y) be the second derivative of -y**5/20 - 7*y**4/12 + 5*y**3/6 + 3*y**2/2 - 4*y. Let r be v(-9). Calculate the highest common factor of 24 and r.
24
Let x = 0 + 6. Let h(z) = z - 6. Let k be h(x). Suppose k*a = 4*a - 12. What is the greatest common divisor of 15 and a?
3
Let h(y) = -3*y - 5 + 3 + 1. Let q be h(-1). Let d be ((-4)/(-6))/(q/36). Calculate the highest common factor of d and 12.
12
Suppose 0 = -0*f + 4*f - 20. Let j be (-12)/f*(-60)/9. What is the highest common divisor of j and 176?
16
Suppose 5*x = -4*n - 16 + 4, 4*x = -5*n - 6. What is the greatest common divisor of n and 8?
2
Let z = 10 + -28. Let t be (-471)/z + 2/(-12). Let q(n) = -n**3 + 6*n**2 + 7*n - 3. Let a be q(6). What is the greatest common divisor of a and t?
13
Suppose -5*h = -4*x + 65, 4*x + 2*h - 35 = 23. Suppose 3*k - x = k + l, -l = k - 9. Let y be 1 - 1 - (-168)/3. Calculate the highest common divisor of k and y.
8
Suppose 2*l + 1 = 3*l. Calculate the greatest common factor of 3 and l.
1
Suppose -3*a + 5 = q - 2*a, 0 = -5*q + 4*a + 7. Suppose 0 = -m - q*m + 156. What is the highest common divisor of 13 and m?
13
Let b(p) = p**2 - 2*p + 7. Let v be b(5). What is the highest common factor of 22 and v?
22
Let i = 15 + -10. Suppose -c - 5*n = -14, c - i*n + 6 = -0. Calculate the highest common factor of c and 12.
4
Suppose 4*m - 410 = -146. What is the highest common divisor of 99 and m?
33
Let o = 25 + -18. What is the greatest common factor of o and 7?
7
Suppose 2*x + 75 = 7*x. Calculate the greatest common divisor of x and 5.
5
Let r(q) = q - 1. Let v be r(3). Suppose -v*x + 5 = -x. Suppose 94 = 4*u - 126. Calculate the highest common divisor of u and x.
5
Suppose 98 = -5*m - 2. Let j be ((-8)/m)/(1/5). Suppose 36 = d - j*r, -2*d - 2*r + 48 = -0*r. Calculate the greatest common factor of 14 and d.
14
Suppose -16 = -3*n - 2*k, 2*n + 5*k - 35 = -3*n. Suppose n*g - 88 = -0*g. Suppose 8 = 2*r - 0. Calculate the highest common factor of r and g.
4
Suppose 2*u = 3 + 11. Suppose 3*i - u = 8. Calculate the greatest common factor of 40 and i.
5
Suppose 3*p - 5*w - 111 = 0, -2*w - 115 + 37 = -2*p. Calculate the highest common divisor of p and 7.
7
Let h(u) = u**2 - 3*u - 3. Let z be h(5). What is the greatest common divisor of 49 and z?
7
Let l be 3 - (4 + 2) - -18. Calculate the highest common divisor of l and 105.
15
Let c be 4/(-14) + (-120)/21. Let y(q) = q. Let k(n) = n**2 - n + 5. Let o(b) = k(b) + 6*y(b). Let v be o(c). Calculate the greatest common factor of v and 88.
11
Let g(f) = f - 10. Suppose -27 = -6*o + 3*o. Let m be g(o). Let i(r) = -4*r**3 + r**2 - 1. Let q be i(m). Calculate the highest common divisor of q and 36.
4
Let l = 5 + 6. Calculate the greatest common factor of 33 and l.
11
Suppose -7*k + 211 = 50. Calculate the highest common factor of 92 and k.
23
Let x = 11 - -7. Calculate the highest common divisor of x and 144.
18
Let l(n) = -n**2 - 16*n - 4. Let c be l(-14). Calculate the greatest common factor of 6 and c.
6
Let i = 6 + -4. Let j be (4/6)/(i/9). Let v = 11 + j. What is the highest common factor of v and 7?
7
Suppose -75*h + 80*h - 55 = 0. What is the highest common divisor of h and 11?
11
Let l(h) be the second derivative of h**3/3 - 3*h**2 + 7*h. Suppose 0*y - y + 4 = 0. Let b be l(y). What is the greatest common factor of 3 and b?
1
Suppose 3*t + 2*t + 17 = -3*n, -2*t - 32 = 3*n. Let v be 20*(2 + n/5). Let u = v + 26. What is the highest common divisor of 5 and u?
5
Let m = 85 + -67. What is the highest common divisor of m and 162?
18
Suppose -4*s + 27 + 29 = 4*a, -4*s = -3*a + 28. Suppose j = 5*j + 5*r - 326, 5*j - 424 = 2*r. What is the highest common factor of a and j?
12
Let f = 4 + -3. Suppose 0 = -2*o + 6*o. Suppose 6 + o = 3*y - 2*q, 5*y = -4*q + 32. Calculate the highest common divisor of y and f.
1
Suppose 0*x = -5*x + 630. Let q be (-2 + 30)/(4*4/8). Calculate the greatest common divisor of q and x.
14
Suppose -232 = -4*b - 0*b. Calculate the greatest common divisor of 29 and b.
29
Let y = 45 + -27. What is the greatest common divisor of 6 and y?
6
Suppose -4*h - 4*s = -48, 5*s = -0*s - 15. Let t be 815/h + 4/6. Calculate the highest common factor of t and 22.
11
Suppose 10*p + 190 = 15*p. What is the greatest common divisor of 95 and p?
19
Let j = -168 - -283. Calculate the highest common divisor of j and 23.
23
Let l = -85 - -123. What is the highest common factor of l and 152?
38
Let j be 26/(-6)*72/(-4). Suppose -y = -3*y - 5*z + 451, 5*z = 5*y - 1145. Suppose -3*l = j - y. Calculate the highest common divisor of l and 10.
10
Suppose u = -f + 9, 3*u - 2*u - 15 = 5*f. Calculate the highest common factor of u and 15.
5
Let o(m) = m - 1. Let u(f) = 1. Let i(d) = -3*o(d) - 2*u(d). Let c be i(-1). What is the greatest common divisor of 44 and c?
4
Let f be (-2)/(4 - 2) + 9. Suppose 12 = 4*m - m. Suppose -i - 3*l + 1 = 0, 2*l - m = -4*i + 10. What is the highest common factor of i and f?
4
Let q be 0/1 - (9 - -1). Let n be 15/6*(-16)/q. Suppose -j - n*x = -3*j + 6, -20 = -2*j - 3*x. What is the highest common factor of 7 and j?
7
Let j be (-3)/2*(1 + -3). Let l = -190 - -293. Suppose -2*o + 68 = -2*h, -3*h + l = 3*o - 7*h. What is the greatest common divisor of o and j?
3
Let u be (-2)/7 + (-90)/(-21). What is the highest common divisor of 68 and u?
4
Suppose -291 = -3*u - 2*g, 2*g - 5*g - 306 = -3*u. Suppose 0*l = -l + u. What is the greatest common divisor of 9 and l?
9
Suppose -w - 2*w = -99. What is the highest common divisor of w and 165?
33
Let h(w) = w + 8. Let z be h(-4). Let y be (z - 5)/((-1)/2). Calculate the highest common divisor of y and 3.
1
Let l = 83 - 48. What is the highest common factor of l and 35?
35
Let t = 310 + -207. Let j = t - 53. What is the highest common divisor of j and 20?
10
Suppose 9*t + 4 = 103. Suppose -12 = -r + 4*l, -26 = -5*r + l + 2*l. Suppose -139 + 359 = r*x. What is the highest common divisor of t and x?
11
Suppose 2*b - 3*n = 81, 3*b + 3*n = -2*n + 131. What is the greatest common divisor of b and 378?
42
Suppose -119 = -3*q - 23. What is the greatest common factor of 16 and q?
16
Let m(q) = -q**3 + 7*q**2 - 5*q + 8. Let x be m(6). Suppose 2*j - x = 4. Let k = 2 + -1. What is the highest common factor of k and j?
1
Let u(k) = -k**3 + 13*k**2 + 14*k + 9. Suppose -4*t + 44 = -t - 2*v, 3*t - 5*v = 47. Let g be u(t). What is the highest common factor of g and 27?
9
Suppose 0 = -2*u + 4 + 20. Let l be (-3)/((-27)/(-21))*-36. What is the highest common factor of u and l?
12
Suppose -24 = s + 3*s + 4*b, -4*s = -5*b - 12. Let l be 7120/36 + s/(-9). What is the highest common divisor of l and 18?
18
Let c(t) = -t**2 - 15*t - 15. Let o be c(-6). What is the highest common factor of o and 13?
13
Let l = 368 - 214. What is the greatest common factor of 14 and l?
14
Let q = -142 + 286. Calculate the greatest common factor of q and 18.
18
Let d be ((-2)/5)/((-9)/720). What is the highest common factor of 8 and d?
8
Let h(b) = b**3 + 12*b**2 - 15*b. Let u be h(-13). What is the highest common factor of 13 and u?
13
Suppose 5*d - 82 = -2*i, 3*i - 4*d = -i + 136. What is the highest common divisor of 12 and i?
12
Let u = -4 + 8. Suppose -z = -2*m - 15, -m + 7 = u*z - 8. Calculate the highest common factor of z and 5.
5
Suppose 0 = 3*q - 383 + 53. What is the greatest common divisor of q and 10?
10
Suppose -45 = -3*l + 3*m, 7*m - 2*m - 21 = -l. What is the greatest common divisor of l and 16?
16
Suppose -50 = -3*q + 8*i - 3*i, q + i - 22 = 0. What is the highest common divisor of 30 and q?
10
Let t(r) = 8*r - 63. Let x be t(29). Calculate the highest common factor of x and 26.
13
Let i be 13*-4*(-25)/20. Let t(z) = 2*z**2 - 8*z + 3. Let k be t(5). Calculate the greatest common divisor of i and k.
13
Suppose 3*l - 11 - 1 = 3*q, -3*l = 4*q + 44. Let h be (-4)/16 - 106/q